rime factors of 9261941.
13, 41, 17377
List the prime factors of 1664335.
5, 127, 2621
List the prime factors of 583763.
17, 23, 1493
What are the prime factors of 882373?
83, 10631
What are the prime factors of 2881397?
2881397
List the prime factors of 151789.
11, 13799
What are the prime factors of 7193144?
2, 7, 128449
What are the prime factors of 462740?
2, 5, 17, 1361
What are the prime factors of 3719452?
2, 11, 84533
What are the prime factors of 1359070?
2, 5, 19, 23, 311
What are the prime factors of 1067749?
1067749
What are the prime factors of 4913?
17
List the prime factors of 3928172.
2, 439, 2237
What are the prime factors of 249725?
5, 7, 1427
What are the prime factors of 1251129?
3, 11, 31, 1223
What are the prime factors of 2462750?
2, 5, 9851
What are the prime factors of 3186214?
2, 43, 37049
What are the prime factors of 1531956?
2, 3, 127663
List the prime factors of 8183192.
2, 1022899
List the prime factors of 5251975.
5, 421, 499
What are the prime factors of 386764?
2, 7, 19, 727
List the prime factors of 1833960.
2, 3, 5, 17, 29, 31
What are the prime factors of 2899206?
2, 3, 53, 1013
List the prime factors of 2191344.
2, 3, 71, 643
What are the prime factors of 3884868?
2, 3, 13, 2767
List the prime factors of 7937562.
2, 3, 1322927
List the prime factors of 190917.
3, 2357
What are the prime factors of 179675?
5, 7187
What are the prime factors of 1400298?
2, 3, 419, 557
List the prime factors of 124254.
2, 3, 13, 59
What are the prime factors of 281565?
3, 5, 6257
List the prime factors of 221153.
17, 13009
What are the prime factors of 808066?
2, 7, 57719
List the prime factors of 1357006.
2, 7, 61, 227
List the prime factors of 785392.
2, 191, 257
List the prime factors of 2254206.
2, 3, 157, 2393
List the prime factors of 281944.
2, 13, 2711
What are the prime factors of 22756?
2, 5689
What are the prime factors of 2384433?
3, 23, 11519
List the prime factors of 2493975.
3, 5, 11, 3023
List the prime factors of 1239034.
2, 53, 11689
List the prime factors of 2474685.
3, 5, 23, 797
List the prime factors of 17413243.
61, 285463
List the prime factors of 163915.
5, 32783
What are the prime factors of 27343660?
2, 5, 19, 47, 1531
List the prime factors of 1427263.
367, 3889
What are the prime factors of 1417056?
2, 3, 29, 509
What are the prime factors of 5873396?
2, 211, 6959
What are the prime factors of 7406879?
43, 281, 613
What are the prime factors of 6044378?
2, 3022189
What are the prime factors of 27720538?
2, 1823, 7603
List the prime factors of 85680.
2, 3, 5, 7, 17
List the prime factors of 975416.
2, 13, 83, 113
What are the prime factors of 3726721?
3726721
List the prime factors of 349514.
2, 11, 15887
What are the prime factors of 306243?
3, 7, 4861
List the prime factors of 156124.
2, 23, 1697
List the prime factors of 4386189.
3, 1462063
List the prime factors of 166379.
17, 9787
What are the prime factors of 878731?
7, 19, 6607
List the prime factors of 3335175.
3, 5, 61
List the prime factors of 30416034.
2, 3, 11, 59, 73, 107
List the prime factors of 10747872.
2, 3, 67, 557
List the prime factors of 1972004.
2, 493001
List the prime factors of 13885864.
2, 1735733
List the prime factors of 1385446.
2, 29, 23887
List the prime factors of 30047.
30047
What are the prime factors of 17096600?
2, 5, 73, 1171
What are the prime factors of 182086?
2, 181, 503
List the prime factors of 32907420.
2, 3, 5, 7, 13, 41
List the prime factors of 234075.
3, 5, 3121
List the prime factors of 1060565.
5, 11, 1753
What are the prime factors of 98597?
98597
List the prime factors of 36076.
2, 29, 311
List the prime factors of 3038168.
2, 7, 227, 239
What are the prime factors of 3773943?
3, 151, 2777
List the prime factors of 91353.
3, 37, 823
What are the prime factors of 9576365?
5, 31, 1993
List the prime factors of 722263.
523, 1381
What are the prime factors of 2809948?
2, 19, 36973
List the prime factors of 20933875.
5, 167471
What are the prime factors of 174302?
2, 87151
List the prime factors of 65997.
3, 7333
What are the prime factors of 3171533?
1399, 2267
What are the prime factors of 133873?
133873
List the prime factors of 1423377.
3, 89, 1777
List the prime factors of 18290964.
2, 3, 1524247
List the prime factors of 956611.
79, 12109
What are the prime factors of 267645?
3, 5, 7, 2549
List the prime factors of 3665384.
2, 458173
List the prime factors of 7002586.
2, 3501293
What are the prime factors of 5904374?
2, 7, 421741
What are the prime factors of 1286113?
557, 2309
What are the prime factors of 67080?
2, 3, 5, 13, 43
List the prime factors of 615875.
5, 13, 379
List the prime factors of 11803435.
5, 7, 29, 401
What are the prime factors of 162497?
43, 3779
List the prime factors of 15315444.
2, 3, 19, 22391
List the prime factors of 14701291.
11, 1336481
What are the prime factors of 957870?
2, 3, 5, 29, 367
What are the prime factors of 388397?
29, 59, 227
List the prime factors of 117910.
2, 5, 13, 907
What are the prime factors of 411321?
3, 167, 821
List the prime factors of 1067500.
2, 5, 7, 61
List the prime factors of 6375867.
3, 17, 125017
List the prime factors of 1825767.
3, 19, 3559
What are the prime factors of 33191435?
5, 71, 93497
What are the prime factors of 516800?
2, 5, 17, 19
What are the prime factors of 1510495?
5, 7, 103, 419
What are the prime factors of 458509?
43, 10663
What are the prime factors of 620946?
2, 3, 3833
List the prime factors of 61901.
7, 37, 239
List the prime factors of 354255.
3, 5, 11, 19, 113
List the prime factors of 445002.
2, 3, 74167
List the prime factors of 193995.
3, 5, 479
What are the prime factors of 16532198?
2, 8266099
List the prime factors of 356523.
3, 23, 5167
List the prime factors of 1785998.
2, 892999
What are the prime factors of 463401?
3, 1907
List the prime factors of 10501900.
2, 5, 105019
List the prime factors of 299543.
59, 5077
What are the prime factors of 122095?
5, 24419
What are the prime factors of 238715?
5, 47743
What are the prime factors of 16424690?
2, 5, 787, 2087
What are the prime factors of 3970320?
2, 3, 5, 71, 233
What are the prime factors of 270573?
3, 90191
What are the prime factors of 36388948?
2, 2539, 3583
What are the prime factors of 315836?
2, 23, 3433
List the prime factors of 1873017.
3, 69371
What are the prime factors of 1512171?
3, 401, 419
What are the prime factors of 265090?
2, 5, 7, 541
List the prime factors of 9238642.
2, 7, 53, 12451
What are the prime factors of 3999948?
2, 3, 257, 1297
List the prime factors of 877928.
2, 109741
What are the prime factors of 300820?
2, 5, 13, 89
List the prime factors of 1404653.
1404653
What are the prime factors of 12505?
5, 41, 61
List the prime factors of 466311.
3, 37, 4201
What are the prime factors of 1375293?
3, 617, 743
What are the prime factors of 1142102?
2, 13, 31, 109
List the prime factors of 3483479.
19, 139, 1319
What are the prime factors of 438987?
3, 41, 43, 83
List the prime factors of 23019.
3, 7673
List the prime factors of 29987160.
2, 3, 5, 7, 29, 1231
What are the prime factors of 192590?
2, 5, 19259
List the prime factors of 3114136.
2, 29, 31, 433
What are the prime factors of 21670797?
3, 137, 52727
What are the prime factors of 169325?
5, 13, 521
What are the prime factors of 1535695?
5, 7, 17, 29, 89
What are the prime factors of 2666027?
7, 13, 29297
What are the prime factors of 6679998?
2, 3, 13, 28547
List the prime factors of 11963094.
2, 3, 11, 13, 73, 191
List the prime factors of 2057738.
2, 19, 54151
List the prime factors of 1687922.
2, 19, 43, 1033
What are the prime factors of 694532?
2, 401, 433
What are the prime factors of 463276?
2, 11, 10529
List the prime factors of 1046674.
2, 67, 73, 107
What are the prime factors of 104314?
2, 7, 7451
What are the prime factors of 8011010?
2, 5, 7, 16349
What are the prime factors of 2625995?
5, 525199
List the prime factors of 932507.
61, 15287
What are the prime factors of 1370467?
7, 195781
What are the prime factors of 396461?
13, 30497
List the prime factors of 2217273.
3, 179, 4129
What are the prime factors of 2277473?
11, 17, 19, 641
What are the prime factors of 23955?
3, 5, 1597
What are the prime factors of 2338325?
5, 11, 773
List the p